{"id":18,"date":"2017-08-14T14:13:35","date_gmt":"2017-08-14T12:13:35","guid":{"rendered":"http:\/\/fcobermorschwiller.fr\/?page_id=18"},"modified":"2017-10-06T20:52:42","modified_gmt":"2017-10-06T18:52:42","slug":"contact","status":"publish","type":"page","link":"https:\/\/fcobermorschwiller.fr\/?page_id=18","title":{"rendered":"Contact"},"content":{"rendered":"<p>&nbsp;<\/p>\n<p><strong>Pr\u00e9sident <\/strong><\/p>\n<p>CHARLES HENRI GUGENBERGER<br \/>\nAdresse :<br \/>\nMobile personnel : 06 73 92 62 06<br \/>\nEmail professionnel : charles.gugenberger@orange.fr<\/p>\n<p>&nbsp;<\/p>\n<p><strong>Secr\u00e9taire g\u00e9n\u00e9ral\u00a0<\/strong><\/p>\n<p>ARNAUD ENDERLIN<br \/>\nAdresse : 3B RUE DES PR\u00c8S &#8211; 68130 OBERMORSCHWILLER<br \/>\nEmail professionnel : arnaud.enderlin@free.fr<br \/>\nMobile personnel : 06 69 69 80 01<\/p>\n<p>&nbsp;<\/p>\n<p><strong>Tr\u00e9sorier<\/strong><\/p>\n<p>KEVIN TRAENDLIN<br \/>\nAdresse : 12 RUE PRINCIPALE &#8211; 68130 EMLINGEN<br \/>\nMobile personnel : 06 78 30 38 94<br \/>\nEmail officiel : kevin-oldu68@hotmail.fr<br \/>\nEmail officiel : traendlin.kevin@lafafoot.fr<br \/>\nT\u00e9l\u00e9phone autre : 03 89 07 85 38<\/p>\n<p>&nbsp;<\/p>\n<p><strong>Correspondant S\u00e9niors\u00a0<\/strong><\/p>\n<p>ARNAUD ENDERLIN<br \/>\nAdresse : 3B RUE DES PR\u00c8S &#8211; 68130 OBERMORSCHWILLER<br \/>\nEmail professionnel : arnaud.enderlin@free.fr<br \/>\nMobile personnel : 06 69 69 80 01<\/p>\n<p>&nbsp;<\/p>\n<p><strong>Correspondant Jeunes<\/strong><\/p>\n<p>FABIEN VONAU<br \/>\nAdresse : 16 RUE DE LUEMSCHWILLER &#8211; 68130 OBERMORSCHWILLER<br \/>\nEmail professionnel : vonau.fabien@gmail.com<br \/>\nMobile personnel : 0641785354<br \/>\nT\u00e9l\u00e9phone autre : 03 89 07 42 09<\/p>\n","protected":false},"excerpt":{"rendered":"<p>&nbsp; Pr\u00e9sident CHARLES HENRI GUGENBERGER Adresse : Mobile personnel : 06 73 92 62 06 Email professionnel : charles.gugenberger@orange.fr &nbsp; Secr\u00e9taire g\u00e9n\u00e9ral\u00a0 ARNAUD ENDERLIN Adresse : 3B RUE DES PR\u00c8S &#8211; 68130 OBERMORSCHWILLER Email professionnel : arnaud.enderlin@free.fr Mobile personnel : 06 69 69 80 01 &nbsp; Tr\u00e9sorier KEVIN TRAENDLIN Adresse : 12 RUE PRINCIPALE &#8211; &hellip; <\/p>\n<p class=\"link-more\"><a href=\"https:\/\/fcobermorschwiller.fr\/?page_id=18\" class=\"more-link\">Continuer la lecture<span class=\"screen-reader-text\"> de &laquo;&nbsp;Contact&nbsp;&raquo;<\/span><\/a><\/p>\n","protected":false},"author":1,"featured_media":13,"parent":0,"menu_order":0,"comment_status":"closed","ping_status":"closed","template":"","meta":[],"_links":{"self":[{"href":"https:\/\/fcobermorschwiller.fr\/index.php?rest_route=\/wp\/v2\/pages\/18"}],"collection":[{"href":"https:\/\/fcobermorschwiller.fr\/index.php?rest_route=\/wp\/v2\/pages"}],"about":[{"href":"https:\/\/fcobermorschwiller.fr\/index.php?rest_route=\/wp\/v2\/types\/page"}],"author":[{"embeddable":true,"href":"https:\/\/fcobermorschwiller.fr\/index.php?rest_route=\/wp\/v2\/users\/1"}],"replies":[{"embeddable":true,"href":"https:\/\/fcobermorschwiller.fr\/index.php?rest_route=%2Fwp%2Fv2%2Fcomments&post=18"}],"version-history":[{"count":4,"href":"https:\/\/fcobermorschwiller.fr\/index.php?rest_route=\/wp\/v2\/pages\/18\/revisions"}],"predecessor-version":[{"id":148,"href":"https:\/\/fcobermorschwiller.fr\/index.php?rest_route=\/wp\/v2\/pages\/18\/revisions\/148"}],"wp:featuredmedia":[{"embeddable":true,"href":"https:\/\/fcobermorschwiller.fr\/index.php?rest_route=\/wp\/v2\/media\/13"}],"wp:attachment":[{"href":"https:\/\/fcobermorschwiller.fr\/index.php?rest_route=%2Fwp%2Fv2%2Fmedia&parent=18"}],"curies":[{"name":"wp","href":"https:\/\/api.w.org\/{rel}","templated":true}]}}